git of v?
3
Suppose -4*s - s - 8*s = 0. Suppose -5*v + 578 + 177 = s. What is the hundreds digit of v?
1
Suppose -2 = 2*p - 0. Suppose 4 = l + 3*l. What is the units digit of (10/l)/(p + 3)?
5
Let b(h) = 148*h**2 - h + 2. Let s be b(-2). Suppose g - 202 = -5*y, 0 = -3*g - 4*y - y + s. What is the units digit of g?
7
What is the tens digit of (-8 - 30)*(5 + (-372)/8)?
7
Let m be (-1)/3 - 134/(-6). Let n = -17 + m. Let c(d) = 7*d + 5. What is the tens digit of c(n)?
4
Let u = 1620 - 254. What is the thousands digit of u?
1
Let v = -16 - -21. Suppose -q + 123 = v. Let h = -68 + q. What is the units digit of h?
0
Suppose 0*r - 12 = -6*r. Suppose o = z - 42, -3*z - 3*o = -r*z - 26. What is the units digit of z?
8
Suppose 160*c = 170*c - 23940. What is the units digit of c?
4
Suppose 107*s + 22 = 105*s. What is the tens digit of s/(-33) - 1*532/(-6)?
8
Let g(p) = p**3 + 3*p**2 - p. Let w be g(0). Suppose -4*q - 199 + 495 = w. What is the tens digit of q?
7
Let s be (-24)/5 + (-7)/35. Let n = s - -8. What is the units digit of n?
3
Let t(k) = 470*k - 25. What is the tens digit of t(4)?
5
Suppose 5*c - 34 = c - 3*l, -25 = -5*c + 5*l. Suppose 0 = -c*a + 2*a - j + 240, -48 = -a - 2*j. Let p = a + -31. What is the tens digit of p?
1
Let z = 612 - 247. What is the tens digit of z?
6
Suppose 1 + 6 = 3*n - a, n + 2*a = 7. Suppose -c + n + 5 = 0. Suppose -4*j - 8 = -c*j. What is the units digit of j?
2
Let s = -2441 - -3284. What is the hundreds digit of s?
8
Let h be (-18650)/(-18) - (-7)/(-63). Suppose 6*t + 28 - h = 0. What is the units digit of t?
8
Let y be 9/((66/(-80))/(-11)). Suppose y = 10*t - 6*t. What is the units digit of t?
0
What is the hundreds digit of 2 + (-4)/6 - (-2543)/3?
8
Let o(y) = y**3 - 28*y**2 - 22*y - 16. What is the hundreds digit of o(29)?
1
Let j = 2330 + -3287. What is the tens digit of (-1)/(-2) + j/(-22)?
4
Let b = 881 + -423. What is the tens digit of b?
5
Let v = -20 + 18. What is the tens digit of 31 + v/(-2) - 2?
3
Let c(k) = k**3 - 15*k**2 - 31*k + 14. Let v be c(17). Suppose y - v = 29. What is the tens digit of y?
9
Suppose 5*t = -0*u - 4*u + 111, 0 = 4*t + 5*u - 96. Suppose -570 = -t*h + 13*h. What is the tens digit of h?
9
Let z = -1 + 5. Let i be z/(-1 + (-9)/(-11)). Let f = i + 35. What is the tens digit of f?
1
Let h(n) = n - 6. Let q be h(-6). Let p = q + 13. Suppose -13 = -m + p. What is the units digit of m?
4
Suppose -p + 1 = 13. Let x be ((-9)/5)/((-8)/120). Let r = x + p. What is the units digit of r?
5
Let t(k) = -281*k - 29. What is the tens digit of t(-4)?
9
Suppose 4*v + 873 = 3*q, v - 5*v = 5*q - 1455. Suppose 5*f + t = -3*t - 303, -5*f - q = -2*t. Let u = f + 96. What is the units digit of u?
7
Suppose -543 = -2*a - 3*y + 791, 3381 = 5*a - 4*y. What is the tens digit of a?
7
What is the hundreds digit of ((-132)/7 - -18)/((-1)/4417)?
7
What is the units digit of (-2)/9 - (-295300)/450?
6
Let b = 134 - 68. Let v = 262 - b. What is the tens digit of v?
9
What is the tens digit of 73205/231 - 4/(-42)?
1
Let z be (-9)/(-4) - (-3)/(-12). Suppose -4*s + z*s - 333 = -5*g, -g - s = -68. Suppose -4*x + 13 = -g. What is the units digit of x?
0
Suppose -i + 2*c = 5*c - 900, 4*i + 5*c = 3614. What is the units digit of i?
6
Suppose r = -2*r + 6. Suppose r*k = 6, 4*k + 444 = -2*y + 5*y. What is the units digit of y?
2
Suppose -11*k - 125 = -6*k. What is the units digit of (k/(-5))/(3/30)?
0
Let g = -123 - -83. What is the tens digit of (8 - g/(-8))/((-2)/(-226))?
3
Let p(v) = -19*v**2. Let w(y) = -18*y**2 + y + 1. Let d(h) = -5*p(h) + 4*w(h). What is the units digit of d(-2)?
8
What is the units digit of (-8 + 0 + 3)*-435?
5
Let k(p) be the second derivative of 2*p**3/3 - 3*p. Let i = 8 - 4. What is the tens digit of k(i)?
1
Let z(n) = n**3 + 8*n**2 - 3*n - 10. Let w be z(-8). Suppose -w + 76 = o. What is the units digit of o?
2
Suppose 0 = 6*y - 16 - 2. Suppose -y*a = a - 96. What is the tens digit of a?
2
Let d(x) = 11*x - 6. Let g be d(3). Let u = -62 + g. What is the units digit of 4/(-14) + (-815)/u?
3
Let v = 1 + 0. Let k be v*(5 + -2) - 0. Suppose k = 3*j - 42. What is the units digit of j?
5
Let p(r) = 13 + 5 + 28*r - 24*r. Let f be p(8). What is the tens digit of f - 5*(-1)/(-5)?
4
What is the hundreds digit of 1363 + 13/(65/(-45))?
3
Suppose -4*q - 3 = -5*q. Suppose 3*n = -q*s - s + 197, -2*s - 4*n = -106. What is the tens digit of s?
4
Suppose -45*q + 29034 + 13491 = 0. What is the tens digit of q?
4
Let s(u) = -2*u - 5. Let g = 9 + -5. Suppose 2*y - 2*j + 5*j - 2 = 0, 2*y - 6 = -g*j. What is the units digit of s(y)?
5
Let h = -12 + 0. Let s be h/2 + -2 + 2. Let j(d) = -5*d - 3. What is the units digit of j(s)?
7
Let l(b) = -38*b - 743. What is the units digit of l(-52)?
3
Let j(l) = 3*l + 23. Let b be j(-10). Let s(k) = -9*k + k**2 + 0*k**2 - 9 - 2*k**2. What is the units digit of s(b)?
5
Suppose -3*y = 5*z - 256, 6*y - 2*z - 160 = 4*y. Suppose -28 + y = 2*o. Let f = 52 - o. What is the tens digit of f?
2
Let t(d) = 65*d**2 - 9*d + 1. What is the units digit of t(4)?
5
Let k be (-9)/4*(-16)/6. Let d be (-2)/2 - (k - -14). Let a = 38 + d. What is the tens digit of a?
1
Let x = 1109 + 1257. What is the units digit of x?
6
Let s(h) = 2*h**3 + 5*h**2 - 10*h - 9. What is the units digit of s(7)?
2
What is the units digit of 1/(12/5432) - (-2)/(-3)?
2
What is the tens digit of (-9 - (6 + -1455)) + 9?
4
Let n(r) = -r - 1. Let j be n(1). Let i(k) = -49*k + 1. What is the tens digit of i(j)?
9
Let n(x) = -x**2 - 2*x + 4. Let w be n(2). Let z be 348/(-18) + w/6. Let d = -11 - z. What is the units digit of d?
9
Suppose -4*b - 74 = 5*n, -b = -0*b + 4*n + 13. Let r be b/(3*5/(-20)). Suppose -83 = -m - r. What is the tens digit of m?
5
Let b = -212 - -80. Let y = b - -187. What is the tens digit of y?
5
Let z(w) = -w**3 + 13*w**2 - 11*w - 10. Let i be z(12). Suppose 3*s = -u + i - 0, -3*u - 22 = -5*s. Suppose s*f - 70 = -3*f. What is the tens digit of f?
1
Suppose 0 = 4*q - 5*w - 2, -5*w + 24 = 5*q - 1. Suppose q*k - 4 = 764. Suppose 15*r = 11*r + k. What is the tens digit of r?
6
Let n(w) = -4*w - 4. Let l(t) = 5*t + 5. Let p(s) = -3*l(s) - 4*n(s). Let f be p(-7). Let a = f - -24. What is the tens digit of a?
1
Let h = 1833 + -1237. What is the units digit of h?
6
Let a(n) = -n**3 + 18*n**2 - 34*n - 31. What is the units digit of a(15)?
4
Suppose -338 = l - 751. What is the hundreds digit of l?
4
Let s = 165 + -158. Let i(y) = y**3 - 5*y**2 - 4*y - 4. What is the units digit of i(s)?
6
Let j = 31 - 42. Let w be 3 + 2/(-1)*j. Suppose w - 171 = -2*c + 2*x, 3*c - x - 217 = 0. What is the tens digit of c?
7
Let n be -4 + 18 + 0/1. What is the units digit of 106/n + (-39)/(-91)?
8
Let u(l) = l**2 - 3*l - 13. Let o be u(6). Suppose 0 = o*s + 60 - 995. What is the hundreds digit of s?
1
Let n(d) be the first derivative of -4*d**2 - 5 + 3*d**3 + 5*d**2 - 2*d**3 - 7*d. What is the units digit of n(3)?
6
Let d = 31 - 43. Let m be (3 - 1)*d + 1. Let z = -7 - m. What is the units digit of z?
6
Let f = 15 - 13. Let c be f/(-17) - 63325/(-289). Suppose 2*b = -4*s + 5*b + 213, -5*b - c = -4*s. What is the tens digit of s?
5
Let w = 1326 + 861. What is the units digit of w?
7
Let k be 10 - 7 - (-59)/1. Suppose 0*m - k = -2*m. Let r = -19 + m. What is the units digit of r?
2
Suppose 2930 = 2*x + 928. What is the units digit of x?
1
Suppose -127*y = -130*y + 48. What is the units digit of y?
6
Let d be 2*(-9)/(-6) + 81. Let a = d + -53. What is the tens digit of a?
3
Let t = -7 - -9. Let s be (t - 0) + (17 - -1). Suppose s = 4*q + 2*i + 4, 5*q + 5*i = 20. What is the units digit of q?
4
Suppose -5*l + m + 33 = -m, -4*l + 2*m + 28 = 0. Let j = 29 - 17. What is the units digit of j/(2/5*l)?
6
Suppose -3*w = -w + 10, 0 = -4*h + 3*w + 15. Suppose -3*q - 15 = h, -5*q = -2*o + o + 267. What is the units digit of o?
2
Suppose -2 = -2*g, 5*s = -3*g + 17287 + 4086. What is the hundreds digit of s?
2
Let t = -124 - -119. What is the units digit of 137*t/(0 + -5)?
7
Suppose 6378 = 9*n - 8616. What is the units digit of n?
6
Suppose -a + 3*y + 526 = 0, -2*a - 2*y = -4*a + 1060. Let s = a - 319. What is the hundreds digit of s?
2
Let n = -72 - -268. Suppose 2*q + 0*h - n = -2*h, -114 = -q - 5*h. What is the units digit of q?
4
Suppose 0*p = 